5*l. Let i be y(-2). Calculate the greatest common factor of 36 and i.
6
Let x(j) = j**3 + 8*j**2 + 4*j - 13. Let m be x(-7). What is the greatest common factor of 8 and m?
8
Let g = 620 - 430. Suppose -24*r + 19*r + g = 0. Calculate the greatest common factor of r and 95.
19
Let l(o) = 8*o**2 - 7*o + 6. Let r be l(5). Let g be r/12 + 2/(-8). Let p = -44 + 100. Calculate the highest common factor of g and p.
14
Let u be (6/7)/((-6)/(-70)). What is the greatest common divisor of u and 15?
5
Let x = 74 - 56. Suppose -13*a = -x*a + 160. What is the highest common factor of 80 and a?
16
Let x(m) = -m**2 + 4*m + 17. Let l be x(7). Let u be 1302/27 - l/(-18). Calculate the greatest common divisor of 3 and u.
3
Suppose -212*c = -207*c - 1200. What is the greatest common factor of c and 144?
48
Suppose -3*r - 3*f + 216 = 0, 4*r + 5*f - 72 = 213. Let k = -40 + 74. Let l = k - 4. Calculate the highest common divisor of l and r.
15
Let l(r) = -2*r + 8 - r + 2*r - 8*r**2 - r**3. Let q be l(-8). Suppose 0 = -19*u + q*u + 102. What is the greatest common divisor of u and 374?
34
Let z = -68 + 72. Let d(v) = 3*v**2 - 2*v + 5. Let g be d(z). Calculate the highest common factor of 18 and g.
9
Let z be (1188/72)/(-2 + 15/6). What is the highest common factor of z and 561?
33
Let l = -25 + 33. Let w be (60/3)/((-1)/l*-1). What is the highest common divisor of w and 10?
10
Let c be 2/6 - 24/(-9). Suppose -c*t = -0*t + 57. Let j = 37 + t. Calculate the greatest common divisor of 2 and j.
2
Let p(g) = g + 3. Let j(m) = m**3 - 8*m**2 + 2*m - 10. Let x be j(8). Let b be p(x). Suppose -5*a = -44 - 46. What is the highest common factor of b and a?
9
Let u(a) = 12*a**2 - 8*a + 1. Let l be u(-4). Calculate the highest common divisor of 9 and l.
9
Let b be 4/(-12) + 46/3. Suppose 3*n + 24 + 23 = 4*r, 0 = 5*n - b. Let y be 5/10 + 26/4. Calculate the greatest common divisor of r and y.
7
Let c(h) = -h**2 - 10*h - 21. Let y be c(-6). Suppose -5*u = -y*u - 46. Calculate the highest common divisor of 253 and u.
23
Let c(x) = 8*x + 238. Let t be c(-27). Calculate the greatest common divisor of 902 and t.
22
Suppose 4*j = -0*j + 20. Let i(p) = -6*p - 5. Let t(u) = 13*u + 10. Let r(z) = 5*i(z) + 3*t(z). Let n be r(j). Calculate the greatest common factor of n and 10.
10
Let t = -14 - -4. Let i be 12/(-20) + (-526)/t. Let w = i - 30. What is the greatest common factor of w and 2?
2
Suppose -z + 2*c + 37 = 0, 3*c + 178 = 4*z + 5*c. What is the greatest common factor of z and 1075?
43
Suppose -v - f = f - 13, -4*f + 47 = 5*v. Let y(q) = 5*q + v*q**2 - 2*q + 3*q - 4*q**2 - 3. Let r be y(-5). Calculate the greatest common factor of 14 and r.
14
Suppose 0 = a - 2*a - 21. Let l be -2*(-8)/((-16)/a). What is the greatest common factor of 3 and l?
3
Let a = -43 + 113. Suppose -9*o - 517 = 2*o. Let t = o + a. What is the highest common factor of t and 207?
23
Let r = -48 + 93. Let a = r + 7. Let q = 32 + -19. Calculate the highest common factor of a and q.
13
Let a be (-2)/4 - 35/(-2). Let t be ((-15)/(-6) + -1)*94. Suppose 3*r - 114 = t. Calculate the greatest common factor of r and a.
17
Let c be 2/(-9) - (2416/(-18) + 8). Suppose 0 = 2*l - 3 + 1. Let r be l - 0/1 - -13. What is the greatest common factor of c and r?
14
Suppose 0 = -3*k - 6. Let h be ((-10)/4)/(k - 9/(-6)). What is the highest common factor of 2 and h?
1
Suppose 4*i + 327 = 6*i - 3*w, w + 811 = 5*i. Suppose -i + 50 = -7*a. Calculate the highest common divisor of 16 and a.
16
Let p be 36/84 - 5766/(-21). Calculate the greatest common factor of 200 and p.
25
Suppose 40*h - 6309 + 389 = 0. What is the greatest common factor of h and 333?
37
Suppose -25*f + 6095 = -20*f. What is the greatest common factor of 53 and f?
53
Suppose 5*h + 4*b = 32, -3*h - 4*b = -5*b - 9. Let k(q) = q + 14. Let f be k(h). What is the greatest common factor of f and 2?
2
Suppose -22*v + 13*v + 216 = 0. Calculate the greatest common factor of 180 and v.
12
Let t(n) = 50*n - 295. Let w be t(8). Suppose 62 + 13 = 5*s. What is the greatest common factor of s and w?
15
Let v(p) = -p + 12. Let u be v(0). Let b(y) = -y**2 + 15*y - 6. Let j = -115 - -121. Let q be b(j). What is the highest common factor of u and q?
12
Suppose -5*a + u = -1277, 4*u + 631 = 4*a - 397. Calculate the greatest common divisor of a and 51.
51
Suppose 6*j - 3 = 27. Let q be (2*20)/j + 0. Suppose g - 3*n = -0*g + 49, 4*g - 148 = -4*n. What is the greatest common factor of q and g?
8
Let h = -26 + 42. Suppose -4*r = -0*b - b - 576, 2*r - b = 288. What is the greatest common factor of r and h?
16
Suppose -1767 = -4*p - 3*k, 24*p = 21*p - k + 1324. Calculate the greatest common factor of 18 and p.
9
Let g = -180 - -228. What is the greatest common factor of g and 156?
12
Suppose 5*b - 2*v = 3*b - 2, b + 6*v = 27. What is the highest common factor of 39 and b?
3
Suppose -2*k + 4*u + 16 = 0, 2*u + 3*u = -10. Suppose 29 = 4*v - 5*t - 34, 2*v - 12 = -4*t. Let l = -8 + v. Calculate the highest common divisor of l and k.
4
Let s be (15/(-10))/(5/(-10)). Let g be 34/(3*2/s). What is the highest common factor of 136 and g?
17
Let l be 7/2 - (-2)/(-4). Suppose -l*y + 6*y = 2*p + 73, -3*y = -p - 71. Calculate the greatest common divisor of y and 115.
23
Let y(k) = k**2 + k - 179. Let c be y(15). What is the highest common factor of 1 and c?
1
Let v = 29 + -44. Let u = v + 17. Suppose -u = 4*w - 98. What is the highest common factor of 60 and w?
12
Suppose 7*o = 230 + 22. Suppose c + s - o = -c, 0 = 5*c - 4*s - 77. What is the greatest common divisor of c and 51?
17
Suppose -16*k = -160 - 464. Calculate the greatest common factor of 91 and k.
13
Suppose -3*z = -0*m - 3*m - 3, -3*m = -3. Suppose -z*v + 18 = v. Suppose 0 = v*f - 2*f - 4. Calculate the highest common divisor of f and 11.
1
Let a(p) = -p**3 - 14*p**2 + 14*p - 11. Let g be a(-15). Let h be -3 + (-268)/(-8) + (-6)/g. Calculate the greatest common factor of 58 and h.
29
Let y = 1 + 14. Let n be y/5 - (-3)/(-3). Calculate the greatest common factor of n and 2.
2
Suppose 0 = -3*j + 26 + 34. Suppose -3*c - 3*v = 13 - 1, 0 = 5*c + 4*v + j. Let p be (c/(-6))/(3/9). Calculate the highest common factor of p and 6.
2
Let f(n) = -n**2 - n + 2. Let j be f(-4). Let z be (-2)/j + 16/20. Suppose x - 21 = a, 2*x - 41 = 4*a - z. What is the highest common divisor of x and 44?
22
Let x = 20 + -16. Suppose 96 = x*n - 20. Suppose 5*r - n - 12 = 2*f, 2*f - 1 = -r. Calculate the highest common divisor of 7 and r.
7
Let z(t) = -t**3 + 8*t**2 - 4*t - 11. Let d be z(7). What is the highest common divisor of d and 10?
10
Let p be (189/(-45))/(8/(-200)). Calculate the greatest common factor of 3255 and p.
105
Let q be (-133 + 1)*(-10)/15. Let n = -60 + q. Let m be 25*((-28)/(-5))/2. What is the greatest common factor of m and n?
14
Let u = -19 + 127. What is the highest common divisor of 72 and u?
36
Let z = -81 - -109. Suppose -10 = -3*d + 4*g + 12, 0 = 5*d + 2*g - z. What is the greatest common factor of 4 and d?
2
Let v(y) = y**2 + 4*y + 2. Let t be v(-6). Suppose -x = -t + 2. Let r be x*(2/(-2) + 3). What is the greatest common factor of r and 6?
6
Let t(s) = 16*s - 206. Let i be t(21). Calculate the greatest common factor of i and 182.
26
Let h be 2/8 + (-39)/(-4). Suppose 9*x = 5*x + 1072. Suppose 4*k - 3*k - 62 = -2*a, -3*a + x = 4*k. Calculate the highest common factor of k and h.
10
Suppose -15 = -4*q + 37. Suppose -q*v = -4*v - 360. Calculate the greatest common divisor of v and 16.
8
Suppose 22 = 4*h + 5*w, 2*h - 5*w - 34 = -8. What is the greatest common divisor of h and 152?
8
Let b(x) = 3*x + 7. Let z be b(5). Suppose 0 = -4*h - 5*j + 67, z = 3*h - 5*j - 2. What is the highest common factor of h and 130?
13
Let l = -510 - -525. What is the highest common factor of 255 and l?
15
Let m = -5 + 1. Let g be (m/(-6))/((-11)/1980). Let z = 34 - g. Calculate the greatest common divisor of z and 14.
14
Let z(u) = -46*u - 10. Let w be z(-1). Suppose -3*x + 2 = 4*t, -6*t + t = -x + 7. What is the highest common divisor of w and x?
2
Let y = 3278 - 1454. What is the greatest common factor of y and 57?
57
Suppose -2*j = -5*j + 1722. Suppose 2*p - 252 = 2*z, 4*p + 115 = -5*z + j. Calculate the greatest common factor of p and 11.
11
Let b be ((-2)/(-3))/(